 b(w) = -2*w + 52. Let u = 766 - 737. Determine b(u).
-6
Let q be (5 - -2) + -2 + 0. Suppose 1 + 19 = q*b. Let m(r) = -r + r**2 + 52 - b*r - 55. What is m(5)?
-3
Let o(a) = -9*a + 4. Let i(c) = 2*c - 1. Let k(q) = 2*i(q) + o(q). Determine k(-5).
27
Let p(v) = 2*v + 6. Let m(t) = -5*t - 12. Let d(b) = 3*m(b) + 7*p(b). Give d(-5).
11
Let q(f) = 6*f - 4. Let x(h) = -5 - 1 + h + 5. Let d(i) = -2*q(i) + 11*x(i). Suppose -5*g = -3*w, 2*w + g + 16 = -g. Give d(w).
2
Let i(l) = -8*l + 3. Let v(a) = -9*a + 4. Let u(h) = -3*i(h) + 2*v(h). Let w be (-9 + 8)/(1 + 4/(-3)). Suppose 0 = -4*n + w - 11. What is u(n)?
-13
Let t(i) = 2*i. Let b(c) = -5*c + 7. Let v(k) = -b(k) - 5*t(k). Determine v(5).
-32
Let q(t) = -t**3 + 7*t**2 - 6*t - 1. Let c = -7 + 9. Let k be 21/(-1)*c/(-6). Let a be (k - 2) + -2 - -3. What is q(a)?
-1
Let k(v) = -193 - 194 + 386 - 2*v + v. Give k(1).
-2
Let c(x) = 6*x**2 + 3 + x**3 + 9 - 6*x**2 + 5*x**2 + x + x**2. What is c(-6)?
6
Suppose -46*u - 19 = -203. Let s = 1 + -4. Let k(y) = -y**3 + 8*y**2 - 9. Let z(m) = -m**3 + 7*m**2 - 8. Let g(c) = s*k(c) + 4*z(c). What is g(u)?
-5
Let a(t) = 2*t**2 - t - 11. Let h be a(3). Let u(c) be the third derivative of 0*c + 1/6*c**3 + 1/120*c**6 + 0 + 4*c**2 - 1/10*c**5 + 1/12*c**h. Calculate u(6).
13
Let f(m) = 21*m - 129. Let y be f(6). Let l(c) = c**3 - 3*c + 4. Give l(y).
-14
Let y(s) = -s**3 - s**2 + s - 6. Let c = 343 - 343. Give y(c).
-6
Let m(h) = -15*h**3 - 2*h - 1. Suppose -3*d + 2*n = -5, -4*d - 6 - 14 = 4*n. Determine m(d).
16
Let a = -12 - -6. Let o(b) be the third derivative of b**6/120 + b**5/10 - b**3/3 + 6*b**2 - 3. What is o(a)?
-2
Let v(j) be the first derivative of -3/2*j**2 + 0*j - 24. Calculate v(3).
-9
Let x(g) = g**2 + 5*g - 6. Let m be ((19 - 3)/(-8))/(4/(-14)). Suppose 71 = -m*t + 29. Give x(t).
0
Let h(o) = 1 - 120236*o - 5 + 120243*o. What is h(4)?
24
Let q(u) = u**3 - 11*u**2 + 3*u - 8. Suppose -4*p - 8 = 0, 0 = -4*r - 11*p + 6*p + 34. Determine q(r).
25
Let x = 13 - 19. Let l(d) = -d**3 - d**2 + 8*d + 7. Let a be l(-3). Let s(m) = 8 - 3*m + 5*m - a. Determine s(x).
-5
Let j(i) be the third derivative of -i**4/8 + 2*i**3 - 271*i**2. Calculate j(7).
-9
Let b be (16 - 11)/(1 + -1 + 1). Suppose -3*l - 17 = a, 3*l - 1 = 4*l + b*a. Let z(c) = -c - 4. Calculate z(l).
2
Let v = 22 + -20. Let n(t) = 7*t - 10*t**2 + 41*t**2 - t**3 - 5 - 14*t**v - 15*t**2. Give n(4).
-9
Let n(b) = 3*b**2 + 35*b - 13. Let f(s) = -s**2 - 17*s + 6. Let o(m) = -7*f(m) - 3*n(m). Determine o(6).
9
Suppose 2*c = 5*c + 3. Let y = -5 - c. Let o(p) be the second derivative of p**3/6 - p**2 + 161*p. Determine o(y).
-6
Let q(k) = -1 - 2 - 5*k + k**2 + 0. Let h(d) = d**3 - 10*d**2 - 11*d + 11. Let z be h(11). Let t(p) = -p**3 + 10*p**2 + 10*p + 14. Let f be t(z). What is q(f)?
-9
Let r = 69 - 65. Let n(u) = 6 - u + r - 9. Give n(5).
-4
Let q = 13 + -8. Let t(b) = 3*b**3 - b**2 - q*b**3 + 5*b**3 - 4*b**3. Determine t(-2).
4
Let n(j) = j**3 - 4*j**2 + 4*j - 3. Let d be n(3). Suppose d = 4*w - 8*w + 12. Suppose -t = -5*k - 30 - 0, w*t = -5*k - 10. Let m(i) = -2*i + 5. Calculate m(t).
-5
Let j(r) = -r**2 - 1. Let d(v) = -7*v**2 + v - 8. Let x(a) = d(a) - 4*j(a). Give x(3).
-28
Suppose -5*v + 30 = -5*h, -3*v + 14 = -8*h + 3*h. Let i be 6/v + (-6)/8. Let w(d) = d + 6. Give w(i).
6
Let m(r) = -3*r**2 + 20*r - 26. Let z(v) = v**2 - 7*v + 9. Let u(s) = 4*m(s) + 11*z(s). Let k be 20*2/12*3 - 6. Determine u(k).
-9
Let d(m) = -3*m + 2. Let h(u) = u**3 - 13*u**2 + 12*u + 5. Let l be h(12). Let r(x) = l*x**3 - 24 - 6*x**3 - 9*x**2 + 9 - 2*x. Let f be r(-9). Determine d(f).
-7
Let n(z) = z**3 - 18*z**2 + 17*z + 8. Let m = -421 + 438. Determine n(m).
8
Let d(o) = 2*o**3 - 7*o**2 + 11*o + 6. Let n(b) = 5*b**3 - 17*b**2 + 27*b + 13. Let c(v) = 7*d(v) - 3*n(v). Let q = -3 - 1. Let z = -2 - q. Determine c(z).
-5
Let o(f) = -3*f + 39. Let l be -12 - ((3 - 11) + -4). Determine o(l).
39
Suppose -6*d + 2*d = j - 2, -30 = 4*j - 3*d. Let t(g) = g**2 + 10*g + 22. Calculate t(j).
-2
Let m(r) = r**2 - 794*r + 394*r + 401*r. What is m(-2)?
2
Let i(d) = -d**3 - 3*d**2 + 23*d + 32. Let z be i(-6). Let c(t) = -21*t + 4. What is c(z)?
-38
Let g be (3 + 1 + -5)*-4. Let y(o) = 3*o**2 + 6 - 16 - 2*o**3 + o**3 + 4 + g*o. Let x be ((-1)/2)/(2/(-16)). Determine y(x).
-6
Let w be ((-252)/(-35) + -5 + 0)*-5. Let y(c) = c**3 + 12*c**2 + 10*c + 5. What is y(w)?
16
Let y(l) = -l**3 + 8*l**2 + 6*l + 3. Suppose 562 = -7*p + 625. What is y(p)?
-24
Let g(w) = w**3 - w**2 - 2*w + 8. Let v be g(0). Let m(p) = -2 - 3*p + v*p**2 + 41*p**3 - 6*p - 42*p**3. Calculate m(7).
-16
Let t(r) be the first derivative of -r**4/4 + 2*r**3 - 3*r**2 + r + 68. What is t(5)?
-4
Let m(y) = y**2 - 2*y + 5. Let g be m(-3). Let z be (-10)/g*(2 - 0). Let f be (-1)/2*(z - 3). Let h(s) = s**3 - s**2. What is h(f)?
4
Let x(n) = -n**3 + 6*n**2 + 3*n - 3. Suppose 2*i - 32 = -26. Give x(i).
33
Let a(x) = x**3 + 6. Suppose 0*l - 5*l = -c + 19, 6 = -2*l. Suppose 30 = -5*y + 5*d, 0 = -c*d + 31 - 11. Let h be (3/y - -3)*-1. Determine a(h).
6
Let b = -21 - -31. Let g be ((-28)/b - -4)*5. Let t(j) = g*j - 10 - j + 1 - 4*j. Give t(8).
-1
Suppose -3*p - b = -4*p, -4*b + 3 = -3*p. Let f(c) = c**p - 2*c + 2*c - c**2 - 2*c + 2 + 0*c. Suppose 2*d = 2*z + 3*z - 16, -4*d - 4*z + 24 = 0. Determine f(d).
2
Let i(h) = h**2 - 8*h + 14. Let p be (2 - -4 - 1) + -2 + 4. Calculate i(p).
7
Let k(p) = -p**2 - 21*p - 6. Let m be ((-1)/6 + (-1125)/54)/1. Determine k(m).
-6
Let l(a) = -4 + 46*a + 2 - 48*a + 0 + 3. Determine l(-8).
17
Let v(n) = 12 + 20 - 7*n + 15 - 49 + 10. Give v(7).
-41
Let p be (-2)/1 - (-6 - 5/(-5)). Suppose -t - p*t = 24. Let j(k) = 3*k + 2. Calculate j(t).
-16
Let y = 188 - 184. Let c be (2/y)/(13/(-78)). Let m(h) be the second derivative of h**4/6 + 2*h**3/3 + 3*h**2/2 + h. Give m(c).
9
Let q be ((-4)/(-10) - 1)/((-4)/20). Let j(f) be the third derivative of f**2 - 5/6*f**q - 1/12*f**4 + 0*f + 0. Give j(-5).
5
Let h = 74 - 11. Let t be (32/12 - 2)/(6/h). Let p(q) = -q**2 + 7*q + 4. Calculate p(t).
4
Let x(l) = -l**2 + 13*l - 33. Let i be x(3). Let k(d) be the second derivative of -d**4/12 + d**3/6 + 2*d**2 - d. Determine k(i).
-8
Suppose 0 = -5*v - 4*y + 65 - 18, 5*v - 2*y - 29 = 0. Let i(c) = 6*c**2 + 10*c - 3. Let f(u) = -3*u**2 - 5*u + 2. Let h(r) = v*f(r) + 4*i(r). Calculate h(-3).
14
Let s(z) = 13*z**2 - 9. Let o(w) = -3*w**2 + 2. Let r(k) = -9*o(k) - 2*s(k). Let g be r(3). Let f(d) = d**2 - 7*d - 13. Give f(g).
5
Let z(q) be the first derivative of -q**3/6 + 3*q**2/2 - 18*q - 3. Let s(g) be the first derivative of z(g). What is s(4)?
-1
Let o = -59 - -52. Let q(p) = 2*p. Let t(h) = -h. Let a(d) = 3*q(d) + 4*t(d). Determine a(o).
-14
Let t = -285 - -288. Let k(w) = w**2 - 2*w**3 - 2*w + w**3 + 0*w**3 - 2 + 0*w**3. Determine k(t).
-26
Let u(t) = 2*t - 1. Suppose -5*c + 11 = 31. What is u(c)?
-9
Suppose 14*y - 9*y = 20. Suppose 0*n + 6 = 3*n + y*d, n + 3*d = -3. Let l(s) be the third derivative of -s**4/12 + s**3 + s**2. Calculate l(n).
-6
Let y(l) = l**3 + 9*l**2 + 2*l + 12. Let i(u) = u**2 + 12*u - 4. Let z be i(-12). Let s be (-6)/z - 21/2. Determine y(s).
-6
Let h(b) be the second derivative of b**5/20 - b**4/12 + b**3/6 - 17*b**2/2 - 21*b. Determine h(0).
-17
Let f(w) = -w**3 - 4*w**2 + 3*w + 2. Let s be -2*((-57)/(-6) + -3). Let z be (-1 - -4)*(s + 17). Let g be z/16 - 57/12. Give f(g).
-10
Let c(h) = h - 2. Let r(k) = -k + 1. Let s = 53 + -42. Let y(a) = s*r(a) + 6*c(a). Let l = -2 - -1. Give y(l).
4
Suppose 36*p = 4*p + 512. Let h(a) = -a**3 + 16*a**2 + 1. What is h(p)?
1
Let y(i) be the second derivative of i**5/20 + i**4/2 + 2*i**3/3 - i**2/2 - 3*i. Suppose -3*a + 2 = -a. Suppose -7 = w - b, b = w - 2*w + a. What is y(w)?
14
Let m(w) = -w**3 - 2*w**2 - 4*w - 3. Let u be m(-2). Let h be (-3 + -2)*(-4)/u. Let l(f) = -3 + f**2 + h + 7*f + 4. Determine l(-5).
-5
Let o(a) = -2*a**3 + 5*a**3 + a**3 - 5 - 5*a**3 + 4*a**2 + 0*a**3 + 5*a. What is o(4)?
15
Let z(f) be the first derivative of f**3 - 3*f**2/2 + 3*f + 78. Give z(4).
39
Let p(t) = t**3 + 4*t**2 - 32*t + 1. Let o be -22*((-70)/55)/7 - 12. What is p(o)?
1
Let v(r) be the first derivative of -r**2/2 - 5*r + 4. Let h(b) = b**3 - 8*b**2 + b + 4. Let a be h(8). Suppose -d = -2*n - 3*d - a, 3*d = -6. Calculate v(n).
-1
Suppose 